s 151 a factor of 6365912?
False
Is 309 a factor of 1167080?
False
Does 18 divide 1660644?
True
Does 94 divide 1016124?
False
Is 1664 a multiple of 52?
True
Is 438 a factor of 748542?
True
Is 165 a factor of 554730?
True
Is 3 a factor of 603514?
False
Is 87364 a multiple of 92?
False
Is 352 a factor of 6565834?
False
Is 14 a factor of 14683458?
False
Does 211 divide 271346?
True
Is 104976 a multiple of 22?
False
Is 4709856 a multiple of 568?
True
Is 122 a factor of 7378438?
True
Is 648480 a multiple of 210?
True
Is 2882698 a multiple of 14?
True
Does 239 divide 116847?
False
Is 425 a factor of 3429270?
False
Is 4887203 a multiple of 23?
False
Does 17 divide 109340?
False
Is 1785605 a multiple of 28?
False
Is 11 a factor of 25717?
False
Is 11828568 a multiple of 388?
True
Is 52726 a multiple of 4?
False
Is 116 a factor of 95352?
True
Is 1230923 a multiple of 39?
False
Is 974719 a multiple of 13?
False
Is 18633 a multiple of 3?
True
Does 105 divide 41265?
True
Is 6285426 a multiple of 147?
True
Does 506 divide 105434?
False
Is 200590 a multiple of 130?
True
Is 105 a factor of 592620?
True
Is 1025 a factor of 24340639?
False
Does 156 divide 241644?
True
Is 338 a factor of 716956?
False
Does 216 divide 165977?
False
Is 222718 a multiple of 5?
False
Is 162 a factor of 239436?
True
Is 598 a factor of 2121433?
False
Is 38 a factor of 564110?
True
Is 15 a factor of 354540?
True
Is 10 a factor of 1679790?
True
Does 38 divide 11209544?
True
Does 24 divide 949222?
False
Is 12 a factor of 4870956?
True
Is 21 a factor of 5703140?
False
Is 136532 a multiple of 116?
True
Does 22 divide 4802270?
True
Does 36 divide 247176?
True
Is 153 a factor of 4067401?
False
Is 23 a factor of 102879?
True
Is 420520 a multiple of 10?
True
Is 83841 a multiple of 3?
True
Is 571 a factor of 103733?
False
Is 56 a factor of 73412?
False
Is 852 a factor of 7132092?
True
Is 584240 a multiple of 134?
True
Is 1006848 a multiple of 32?
True
Is 9546 a multiple of 74?
True
Does 42 divide 54870?
False
Does 11 divide 81928?
True
Does 268 divide 262986?
False
Does 255 divide 1786466?
False
Is 175 a factor of 608866?
False
Is 14 a factor of 730338?
True
Is 9556369 a multiple of 272?
False
Is 4461523 a multiple of 19?
True
Does 16 divide 772080?
True
Is 17808921 a multiple of 9?
True
Is 125 a factor of 14303047?
False
Is 641 a factor of 5441464?
False
Is 123 a factor of 300763?
False
Is 158804 a multiple of 116?
True
Is 14 a factor of 470623?
False
Is 2427 a multiple of 3?
True
Is 12 a factor of 3249886?
False
Is 12 a factor of 12874105?
False
Does 634 divide 7377420?
False
Is 2332610 a multiple of 376?
False
Does 22 divide 179344?
True
Is 6032178 a multiple of 153?
True
Is 57 a factor of 162792?
True
Is 527449 a multiple of 988?
False
Does 1046 divide 12774798?
True
Does 26 divide 4998370?
True
Is 1362 a factor of 3748224?
True
Is 1690884 a multiple of 259?
False
Is 91366 a multiple of 22?
True
Does 12 divide 6240536?
False
Is 2504357 a multiple of 164?
False
Does 250 divide 1240977?
False
Is 9864 a multiple of 72?
True
Is 124 a factor of 278486?
False
Is 135102 a multiple of 10?
False
Does 68 divide 8750518?
False
Does 13 divide 40625?
True
Is 217594 a multiple of 13?
True
Is 4634205 a multiple of 15?
True
Is 133887 a multiple of 9?
False
Is 10546195 a multiple of 55?
True
Does 7 divide 31016?
False
Is 19 a factor of 567657?
False
Does 297 divide 102999?
False
Is 288890 a multiple of 42?
False
Is 134 a factor of 215841?
False
Is 320056 a multiple of 347?
False
Does 6 divide 3250358?
False
Does 254 divide 674854?
False
Is 954 a factor of 5553234?
True
Is 12 a factor of 3327575?
False
Does 25 divide 2622175?
True
Is 579984 a multiple of 43?
True
Is 1832 a factor of 15630624?
True
Is 3837208 a multiple of 203?
False
Is 499 a factor of 858779?
True
Does 8 divide 52082?
False
Does 68 divide 484546?
False
Is 28 a factor of 17604?
False
Is 3248656 a multiple of 733?
True
Is 52 a factor of 45188?
True
Is 4194034 a multiple of 94?
False
Is 13274 a multiple of 36?
False
Does 29 divide 844915?
True
Does 15 divide 25076?
False
Does 19 divide 183863?
True
Does 8 divide 182579?
False
Does 6 divide 119425?
False
Is 3647192 a multiple of 8?
True
Is 106 a factor of 379056?
True
Is 1962073 a multiple of 5?
False
Is 680535 a multiple of 27?
True
Is 207059 a multiple of 15?
False
Does 5 divide 688029?
False
Is 1900088 a multiple of 11?
False
Does 702 divide 9667242?
True
Is 1878267 a multiple of 19?
False
Is 122 a factor of 56151?
False
Is 5571612 a multiple of 138?
True
Is 1405402 a multiple of 24?
False
Is 10 a factor of 6100188?
False
Does 427 divide 6901174?
True
Is 211500 a multiple of 5?
True
Is 43 a factor of 61290?
False
Is 5 a factor of 356205?
True
Is 469368 a multiple of 477?
True
Does 23 divide 483?
True
Does 168 divide 1908884?
False
Is 23 a factor of 18712593?
True
Is 26 a factor of 4266730?
True
Is 75870 a multiple of 30?
True
Is 44 a factor of 321640?
True
Is 19911 a multiple of 32?
False
Does 308 divide 1497804?
True
Does 358 divide 1350018?
True
Is 4 a factor of 164712?
True
Does 99 divide 1452627?
True
Does 14 divide 708526?
True
Is 14724010 a multiple of 1510?
True
Is 7 a factor of 4320085?
True
Is 215 a factor of 974810?
True
Is 1176 a factor of 7422912?
True
Is 577052 a multiple of 28?
True
Does 160 divide 151404?
False
Is 11 a factor of 8794311?
False
Is 273960 a multiple of 125?
False
Does 1714 divide 1977956?
True
Does 97 divide 50052?
True
Is 9 a factor of 616035?
False
Is 9 a factor of 9282194?
False
Does 12 divide 409176?
True
Does 10 divide 1960238?
False
Does 271 divide 4996806?
False
Is 237 a factor of 374223?
True
Is 30 a factor of 679410?
True
Is 292 a factor of 1527519?
False
Is 5 a factor of 1946156?
False
Is 49 a factor of 6270040?
True
Is 744157 a multiple of 195?
False
Does 60 divide 1450920?
True
Does 20 divide 21634748?
False
Is 977562 a multiple of 26?
False
Is 159 a factor of 445444?
False
Is 102 a factor of 1904210?
False
Is 74410 a multiple of 14?
True
Is 561752 a multiple of 68?
False
Is 5686755 a multiple of 255?
True
Does 51 divide 465111?
False
Is 403916 a multiple of 146?
False
Is 391 a factor of 301070?
True
Is 87192 a multiple of 42?
True
Is 5 a factor of 849617?
False
Does 1229 divide 6910596?
False
Does 248 divide 4737390?
False
Does 105 divide 9038374?
False
Does 13 divide 9078427?
False
Is 11 a factor of 60049?
True
Is 324052 a multiple of 153?
False
Is 123035 a multiple of 138?
False
Is 1373 a factor of 11883688?
False
Is 101627 a multiple of 109?
False
Is 14 a factor of 214642?
False
Is 17622770 a multiple of 11?
True
Is 58 a factor of 915646?
True
Is 41 a factor of 2663170?
False
Does 37 divide 506702?
False
Does 41 divide 198973?
True
Does 166 divide 35026?
True
Does 36 divide 28954002?
False
Is 731608 a multiple of 1284?
False
Does 15 divide 2801880?
True
Is 168636 a multiple of 69?
True
Is 2764927 a multiple of 605?
False
Does 91 divide 306677?
False
Does 6 divide 71495?
False
Is 514023 a multiple of 5?
False
Does 11 divide 31369187?
False
Is 211890 a multiple of 30?
True
Is 355 a factor of 596045?
True
Is 433872 a multiple of 92?
True
Does 285 divide 387030?
True
Is 2565465 a multiple of 1383?
True
Does 18 divide 1691014?
False
Does 11 divide 1167254?
True
Is 164 a factor of 420660?
True
Is 825 a factor of 19793495?
False
Is 3976713 a multiple of 506?
False
Is 27 a factor of 2273450?
False
Is 13 a factor of 90818?
True
Is 9890929 a multiple of 173?
True
Is 163149 a multiple of 357?
True
Is 517736 even?
True
Does 271 divide 370186?
True
Is 27 a factor of 3169971?
False
Is 85 a factor of 953700?
True
Does 33 divide 87550?
False
Is 27 a factor of 1028700?
True
Is 92365 a multiple of 34?
False
Does 333 divide 267989?
False
Is 756126 a multiple of 42?
True
Is 210 a factor of 68056?
False
Is 93 a factor of 534192?
True
Does 65 divide 3868800?
True
Is 803500 a multiple of 16?
False
Is 1523 a factor of 19821845?
True
Is 2 a factor of 351697?
False
Is 147 a factor of 897876?
True
Does 47 divide 207089?
False
Is 40 a factor of 1377000?
True
Is 42213 a multiple of 72?
False
Does 45 divide 195613?
False
Is 43632 a multiple of 54?
True
Does 209 divide 350188?
False
Is 7 a factor of 574504?
True
Is 1126930 a multiple of 170?
True
Is 550205 a multiple of 17